ber?
True
Let a = -9626 + 28857. Is a a prime number?
True
Let j(x) = 16944*x + 173. Is j(7) a prime number?
False
Let a(m) be the third derivative of 11*m**6/120 + m**5/20 + m**4/6 - m**3/6 + 10*m**2 - 2*m. Let h = -6 - -9. Is a(h) a prime number?
False
Is (-90)/72 - (-122983)/28 a composite number?
False
Let h = -47 - -101. Let u = 44 - h. Let p(y) = 10*y**2 + 2*y + 3. Is p(u) a composite number?
False
Let c(y) = -12*y**2 + 17*y - 2. Let a(x) = 23*x**2 - 32*x + 3. Let j(u) = -6*a(u) - 13*c(u). Is j(-19) prime?
True
Let s = -19 - -31. Let i(v) = -v**3 + 12*v**2 + 17*v - 9. Let a be i(s). Let r = a + 212. Is r a prime number?
False
Let u = -1268 - 139. Let x = 2558 + u. Is x prime?
True
Suppose 4*c - 104 + 84 = 0. Suppose -c*d + 3*j + 9320 = 0, 4*d - 7434 = -8*j + 6*j. Is d composite?
False
Let y(i) = -1405*i + 16. Suppose -5*o = 3*d + 11, 5*d - 31 = -5*o + 9*o. Let s be y(o). Suppose s = -4*x + 8*x. Is x a prime number?
True
Let a(y) = 301*y**3 - 9*y**2 + 32*y - 257. Is a(9) composite?
True
Let x(s) = -4*s**3 - 30*s**2 + 21*s + 10. Let u be x(-9). Suppose -u*y + 316*y = 105129. Is y a prime number?
True
Suppose 0 = -31110*h + 31166*h - 63680792. Is h prime?
False
Suppose 4*c + 4*c = 3432. Suppose u - c = 490. Is u a composite number?
False
Let g(d) be the third derivative of d**5/30 - 2*d**3/3 - d**2. Let u be g(2). Let m(q) = 9*q**3 + q**2 + q - 7. Is m(u) prime?
False
Let i(j) = 4931*j**2 - 63*j - 127. Is i(-7) a prime number?
False
Suppose -9*q = -6*q. Let j = 3 + q. Suppose -j*k + 476 = k. Is k a prime number?
False
Let m(h) = -16*h**3 - 5*h**2 - 16*h - 15. Let p be m(-8). Suppose 0 = 5*i + c - 20195, -4*i + 8171 = -3*c - p. Is i prime?
False
Let v(p) = 225*p**2 - p - 1. Let s(h) = -h. Let q(r) = -5*r + 4. Let c(g) = -q(g) + 6*s(g). Let w be c(-2). Is v(w) composite?
True
Suppose -265644 = -24*w + 179652. Is w composite?
True
Let z(k) = -k**2 + 17*k + 2. Let s be z(17). Let d be -3*5*((-9740)/15)/(-1). Is s/(5/(d/(-8))) a composite number?
False
Let c(a) = 25*a**2 - 521*a + 163. Is c(126) prime?
False
Let p(c) = 4*c**3 + c**2. Let m be p(1). Let d(h) = 2*h**2 - 16*h - 93. Let f be d(12). Suppose 8*s - f*s = m*o - 1450, -1163 = -4*o + 3*s. Is o prime?
True
Let q(c) be the second derivative of 946*c**3/3 + c**2 + 6*c. Let t be q(1). Suppose 4*s + t = 5018. Is s a composite number?
True
Let j(d) = -144*d - 11. Let o be -64*4/(-44) - 4/(-22). Let y be (-2)/o - 11/(-6)*-2. Is j(y) a composite number?
True
Is -5 + -2 - ((-5)/2 + 39999855/(-210)) a composite number?
False
Let j = -27 + 34. Let t = -8 + j. Is 1676/6*t*(-36)/8 composite?
True
Is ((-1151297)/(21 - 28) - 3*-1) + -1 prime?
False
Let d = -1520 + 963. Let c(m) = m**2 - 25*m + 48. Let h be c(23). Is d*((2 - h) + -1) prime?
True
Let o(x) = -2*x - 10. Let n(q) = -1. Let l(v) = -5*n(v) - o(v). Let s be l(-12). Let h(b) = -304*b - 37. Is h(s) prime?
True
Let k = 66301 - 8598. Is k a prime number?
False
Suppose 1 = y - 2, 2*i - 3*y = -17. Let o(m) = -3*m**2 - 68*m**3 - 52 - 3*m - 58 + 175 - 62. Is o(i) composite?
True
Let m(w) = -16300*w**3 + 44*w**2 + 159*w + 11. Is m(-4) a composite number?
False
Let n be (0 - -5 - 5)/(-15 + 13). Suppose 9 = 2*b - 1. Suppose 5*x - i - 4951 = n, b*x + 2*i = -2*i + 4971. Is x prime?
True
Suppose -9*d + 14*d - 100 = 0. Suppose 2*j - 4 - 31 = -5*k, 5*k - d = j. Suppose u = 16 + j. Is u prime?
False
Let v(w) = -10*w**2 + 43*w + 2. Let d(r) = 5*r**2 - 21*r - 1. Let j = -111 + 115. Let m(x) = j*v(x) + 9*d(x). Is m(-17) a composite number?
False
Let t be 791880/100 + (-1)/(-5). Suppose t + 43673 = 8*m. Is m prime?
True
Suppose -10 - 20 = -2*d + 2*v, -2*v = 2*d - 18. Suppose -7*w - d*w + 15029 = 0. Is w a composite number?
True
Let h be 6/14 + 33/(-77). Suppose h = 9*p - 3*p - 456. Is 4 + p/(-18) - (-1901)/9 composite?
False
Suppose -11*w = -4*f - 16*w + 257922, 3*f = -w + 193447. Is f prime?
True
Let h be -4 - 4/(-2) - -15. Suppose h*z - 9*z = -5*m + 13093, -2*z - 4*m + 6542 = 0. Is z composite?
True
Suppose -5*y + 210442 = 4*r, 22*y + 210418 = 4*r + 23*y. Is r prime?
False
Let x(u) = -1876*u**3 - 77*u**2 - 392*u - 8. Is x(-5) a composite number?
False
Let s(v) = -v**3 - 10*v**2 - 11*v - 18. Let t be s(-9). Suppose -m + 8407 = -t*m. Is m composite?
True
Is (6 - 153/27)/(2/141006) prime?
False
Let q = -334661 + 712858. Is q prime?
False
Suppose 169*c = 82*c + 2092263. Is c composite?
False
Let y(p) = -15382*p - 717. Is y(-28) a prime number?
False
Suppose -30 - 78 = -3*c. Suppose -215956 = -16*u - c*u. Is u composite?
False
Is 20490/(-20)*7660/(-90)*3 prime?
False
Suppose -85*w + 15 = -82*w. Suppose 4*i = 3*b - 1984 - 1179, 2*i = w*b - 5295. Is b a composite number?
False
Suppose 112*r - 79702929 - 37410879 = 0. Is r composite?
True
Suppose -20*r + 143569 = -104991. Let q = r + -2013. Is q a composite number?
True
Suppose -36*l - 199155 = -91*l. Suppose -3*s - 2*b = 1752, -3*s - s = 2*b + 2336. Let j = s + l. Is j a composite number?
False
Suppose 31 = 5*b + 6. Suppose 1 = -w + 4, -w = b*k - 18. Is 921/9*k*1 a prime number?
True
Suppose 4*y - 181 = -3*l, 4*l + 59 = -4*y + 239. Suppose 5*g = -3*t + 47, -g - y = -3*t - 5*g. Suppose -t*a + 644 = -504. Is a composite?
True
Let y be ((-1)/(-1))/(43/3483). Let t = y - 47. Is t composite?
True
Let m be (6/(-9))/((-28)/111594). Suppose -5*g + m = 102. Is g composite?
True
Suppose 18*t + 20*t = 152. Suppose -t*p - 2*i + 18264 = 0, 5*i + 22831 = 5*p + 7*i. Is p prime?
True
Suppose -2*s - s + 5*g + 26557 = 0, g = 4. Is (s/12)/((-7)/(-28)) a composite number?
False
Let j be -2 + -2 + 5 + 2075. Let h = j + 10813. Is h composite?
False
Let g(a) = 1311*a**2 + 144*a + 32. Is g(-7) prime?
False
Suppose -1832 - 4514 = -38*f. Suppose 2428 = 7*v + f. Is v a composite number?
True
Let n = 152 + -150. Suppose l - 247 = n*s + 208, l + 3*s = 440. Is l composite?
False
Let b(g) = g**3 + 15*g**2 + 6*g - 7. Suppose -6*c + 2*c + 16 = 0. Suppose 26 = c*o - 6*o. Is b(o) composite?
True
Suppose 2*p + c - 6 = 0, -3*p - 2*p = 2*c - 14. Suppose -p*w = -28 + 22. Suppose -3*f + 549 = 2*q, 5*q + 6 = w*q. Is f a composite number?
True
Suppose -2*z = -3 + 1. Suppose -z = -2*q + 3*k, 3*q + 5*k = 4*q - 4. Is (q - -52) + 1/(1/2) prime?
True
Let w(k) = 211*k + 9. Let d be w(24). Let p = d - 1720. Is p prime?
False
Let u = -335 + 340. Suppose 3*q - c - 46636 = 34492, -u*q + 135195 = 2*c. Is q a composite number?
True
Let p = 621667 - 107564. Is p composite?
False
Let r = -38 + -3. Let b(p) = 270*p - 1584. Let f be b(7). Let o = r + f. Is o prime?
False
Suppose 0 = 4*f + 2*k - 4*k - 34550, 2*k = -4*f + 34570. Let w = f + 2461. Is w a prime number?
False
Let s = 63793 - -29385. Is s a composite number?
True
Let q(r) = -83*r - 100*r + 266*r + 11 + 145*r. Is q(9) a prime number?
True
Let a = 670 + -662. Suppose a*q = 12*q + 20, 0 = -3*k + 4*q + 31235. Is k a prime number?
False
Suppose -140290 = -51*d + 41*d. Is d a composite number?
False
Let b be (6 - 8 - -15) + -3. Suppose -b*m + 32977 = -59293. Is m prime?
True
Let k(t) be the first derivative of -t**4/4 + 128*t**3/3 + 13*t**2 - 29*t - 223. Is k(20) a composite number?
False
Let x be (-2 - -4)*5/((-30)/183). Let c = -56 - x. Suppose -5*j + 3*j - 2*h + 1134 = 0, -3*j = -c*h - 1733. Is j a prime number?
True
Suppose -235*h + 3151702 = 508892. Is h prime?
False
Let o(w) = 624*w + 8 - 607*w + 8*w**2 + 25. Is o(-14) composite?
True
Suppose 11*x + 9*x + 64*x = 2268924. Is x a composite number?
False
Suppose -5*b = 5*f - 246550, -11*b - 197177 = -4*f - 6*b. Is f a prime number?
False
Suppose -52*u = 5420713 - 27017925. Is u composite?
True
Let w be (35/4 - -2) + (-10)/(-40). Suppose 3*d - w = 4. Suppose d*b = 6*b - 1379. Is b a composite number?
True
Let c be 1*-29*2020/(2 + -7). Suppose 5*k - c = k. Is k a prime number?
False
Is (9 + 3)*480326/264 prime?
False
Let j(w) = -w**3 + 14*w**2 + 11. Let f be j(14). Let k(b) = 27*b**2 - f + 29 + 31*b**2 + 3*b - 2*b. Is k(5) prime?
False
Let f(z) = -z**2 - 7*z - 3. Let m be f(-7). Let r be 6/81*m - (-12926)/9. Let c = 2947 - r. Is c a composite number?
False
Let s(x) = 3524*x**2 + 51*x - 126. Is s(-17) a composite number?
True
Suppose 22*w = -80 - 228. Let y(v) = -5*v**3 + 3*v**2 + 17*v - 19. Is y(w) composite?
False
Suppose 0 = -5*q + 83 - 68. Suppose 1799 = l + l + 